 + n - 70. List the prime factors of i.
17
Suppose 4*h - 581 - 107 = 0. What are the prime factors of h?
2, 43
Suppose 2*w + 2*t - 8 = -2*w, -5*w + 4*t + 10 = 0. What are the prime factors of ((-5)/w + 1)*-2?
3
Suppose 0*w = -3*w + 150. Suppose -3*d = -w - 22. What are the prime factors of d?
2, 3
Let t = -3 + 6. Suppose 0*r - 5*i + 15 = -2*r, -4*r - t = -i. Let w = r + 7. What are the prime factors of w?
7
Suppose 42 = -5*k - 4*c, -2*k + 2*c = 4 + 2. List the prime factors of k*(3 + 14/(-4)).
3
Let s(c) = c**3 - 6*c**2 + 8*c - 8. Let p be s(6). Let b = -10 + p. Let g = 51 - b. What are the prime factors of g?
3, 7
Let s(i) = i. Let f be s(3). Suppose 5*q - 45 = -5*l, -f*l + 3 = -q - 4. Suppose -5*d = 2*x - 9 + 3, -2*d - l*x = 4. List the prime factors of d.
2
Let d(l) = -l**3 - 12*l**2 - 11*l + 5. Let t = -12 - -1. List the prime factors of d(t).
5
Let c be -1*3*(-7)/(-3). Let p be (-174)/c + 8/56. List the prime factors of (16/(-5))/((-5)/p).
2
Let s(v) = v**3 - 8*v**2 - 8*v + 2. List the prime factors of s(9).
11
Suppose -5*d - q - 18 = 0, 6*d - d = 4*q - 28. Let g = d - -8. What are the prime factors of g?
2
Let c = 13 + -9. Let a be 40/(-5)*3/c. Let x(q) = -q**3 - 7*q**2 - 6*q + 4. What are the prime factors of x(a)?
2
Let b = -94 + 179. List the prime factors of b.
5, 17
List the prime factors of ((-210)/28)/(6/(-88)).
2, 5, 11
Suppose -3*g + 9 = -i, 3*g - 4*i - 9 = -i. Suppose -g*w - 10 = -4*w. List the prime factors of w.
2, 5
Let o = 77 - 47. What are the prime factors of o?
2, 3, 5
Suppose r + 4*r = -15. Let y = 1 + r. What are the prime factors of ((-10)/15)/(y/33)?
11
Let k be 1/(14/(-5) - -3). Suppose -10 = 4*z + 6, 4*b + k*z - 80 = 0. List the prime factors of b.
5
Let r = 21 + 40. What are the prime factors of r?
61
Let o = 5 - 3. Let q(l) = 3*l - 3. Let h be q(o). Suppose -3*b = -0*b + 3*k - 33, 33 = h*b - 2*k. List the prime factors of b.
11
Let o = 199 - -74. What are the prime factors of o?
3, 7, 13
Suppose 2*h = -0*h + 40. What are the prime factors of ((-18)/(-15))/(1/h)?
2, 3
Let p = 3 + 4. Let n = p - 3. Suppose 0 = -n*r + c - 5*c + 60, 19 = r - 3*c. List the prime factors of r.
2
Suppose 127 = 4*p + 31. List the prime factors of p.
2, 3
Suppose -5*l + 0*h = -3*h - 27, -3*l = -h - 13. Suppose -5*q - 2*j + 51 = 0, -2*j = -3*j + l. List the prime factors of q.
3
Let s be (2/(-1))/((-4)/2). Let j = 4 - s. Suppose -2*n + 20 = j*n. What are the prime factors of n?
2
What are the prime factors of (9/(-27))/((-2)/96)?
2
Suppose -c = -3*u + 613, -2*c = 2*u + 3*u - 1029. What are the prime factors of u?
5, 41
Suppose -4*w + 7 = -89. Let z = w + -10. What are the prime factors of z?
2, 7
Let v be (-20 + 21)*3*1. Let p be (0 + 0)/2 + 7. Suppose -v*b = -2*b - p. What are the prime factors of b?
7
Let l(h) = 2*h - 11. Let u be l(0). What are the prime factors of (-86)/u - 8/(-44)?
2
Let n = -21 + 49. Suppose -2*q + 39 = 3*y - n, -2*y + 58 = 4*q. What are the prime factors of y?
19
Suppose 3*i = 6*i - 3. What are the prime factors of 3 + 2/(-1) + i?
2
Suppose -q + 3*q = 64. What are the prime factors of q?
2
Let s be ((-6)/(-21))/(2/14). Let r = 7 - s. Suppose -2*y + 63 = r*o, -y = 4*o - 12 - 36. What are the prime factors of o?
11
Let t(j) = j**3 + 6*j**2 - 4*j + 3. Let v be t(-5). Suppose 0 = -4*n - 3*q + 58 + v, -5*q + 85 = 3*n. What are the prime factors of n?
5
Let f be (-4 - -4 - -37)*1. Suppose -u - j = -2*u + f, 2*j - 166 = -4*u. What are the prime factors of u?
2, 5
Let m be (-16)/(-6)*9/6. Suppose 0*o - 12 = -m*o. What are the prime factors of o?
3
Suppose 3*q + 4*d = -33, 5*d = d. Let b = q + -5. Let g = b + 28. List the prime factors of g.
2, 3
Let w(t) = -t**3 - 5*t**2 - 5*t + 4. Let v be (1 + -2)/(2/8). Let y be w(v). Let j = y - 0. List the prime factors of j.
2
Let a(b) = -b + 119. What are the prime factors of a(0)?
7, 17
Let j(r) = r + 10. Let f be j(-10). List the prime factors of -2 + f - -3 - -6.
7
Let g = -22 - -39. Let p = -2 - -1. Let t = g + p. What are the prime factors of t?
2
Suppose -5*c + 2*b + 20 = 0, 2*c + 3*c - 25 = b. Suppose c = u + 1. List the prime factors of (u/(-2))/((-4)/8).
5
Suppose -z + 31 = -92. List the prime factors of z.
3, 41
Suppose 7*k - 6*k = 65. List the prime factors of k.
5, 13
Let l(c) = -c**3 - 10*c**2 + c + 10. Let p be l(-10). Let r(h) = -h**3 + h - 11. Let b be r(p). Let j = b + 17. List the prime factors of j.
2, 3
Suppose -2*k - 12 = -5*k. What are the prime factors of -2 - (-163 - -3)/k?
2, 19
Suppose 20 = h - 56. What are the prime factors of h?
2, 19
Let j = 16 + 10. List the prime factors of j.
2, 13
Let c be 3 - 0/(-1 - 0). Suppose -q - 20 = -c*q. List the prime factors of q.
2, 5
Suppose 4*s - s - 19 = 5*j, -5*j - 29 = 2*s. Let x(b) = b**2. List the prime factors of x(j).
5
Let m(q) = q**3 + 5*q**2 + 3*q - 4. Let a be m(-3). Suppose 5*f - 20 - 145 = a*d, -4*f + 5*d = -137. List the prime factors of f.
2, 7
Let i = -82 + 132. Let y = i + -14. What are the prime factors of y?
2, 3
Let y = -65 + 34. Let w be (-3)/(-6) + y/(-2). Let s = -4 + w. List the prime factors of s.
2, 3
Let s(t) = t**2 + 7*t - 11. Let k be (-14 - -5)*(0 - -1). What are the prime factors of s(k)?
7
Let g(d) be the second derivative of -d**5/20 + 5*d**3/6 + 2*d**2 - 3*d. List the prime factors of g(-3).
2
What are the prime factors of (5/(-4) + 4)*36?
3, 11
Suppose 0*d = 2*d + 24. Let g = -5 - d. What are the prime factors of g?
7
Suppose 4*q - 4*z - 32 = 0, 2*q + 11 = 3*z + 32. Suppose q*o - 4*f - 54 - 11 = 0, -2*o = 5*f - 74. List the prime factors of o.
3
Suppose n + 29 + 60 = -4*k, -2*n - 52 = 2*k. What are the prime factors of (-411)/k + (-3)/(-7)?
2, 5
What are the prime factors of 2/(6/9) - -6?
3
Let m = -202 - -295. What are the prime factors of m?
3, 31
List the prime factors of -3 + (-1 - -1) + 2 - -93.
2, 23
Suppose -3*f + 109 = -194. List the prime factors of f.
101
Suppose -2*h + 4 = -6. Suppose -3*j + h = -7. Suppose -10 - 14 = -j*f. What are the prime factors of f?
2, 3
Let i(y) = -y + 5. Let q be i(6). Let x(t) = -10*t**3 + t**2 + t + 1. Let p be x(q). Let j = p + -7. What are the prime factors of j?
2
Suppose 0 = -5*s + 2*j + 64, -j + 56 = 4*s - 5*j. What are the prime factors of s?
2, 3
List the prime factors of (36/14)/(14/98).
2, 3
Let f(n) = -n**2 - 20*n + 9. What are the prime factors of f(-11)?
2, 3
Suppose -1 = 3*y + y - l, 0 = -3*y + l - 2. Let w = 5 - y. List the prime factors of w.
2
Let f(o) = 0*o - 1 + 5*o + 5*o**3 + 0*o**3 - 4*o. What are the prime factors of f(1)?
5
Let i be 2*(-1)/(-1 + 0). Suppose -i*w - 3*w + 30 = 0. What are the prime factors of w?
2, 3
List the prime factors of 4/6 - (-259)/21.
13
Suppose 2*m = 5*m - 222. Suppose -2*c + 14 = -m. Suppose 3*p = -2 + c. What are the prime factors of p?
2, 7
Suppose 0 = -0*k - 5*k + 25. Suppose -18 = k*a - 5*x - 63, -2*a - 3*x + 18 = 0. Suppose 4*t + 1 = a. List the prime factors of t.
2
Let m(d) = 2*d**2 - 10*d + 13. Let g(t) = t**2 - 5*t + 7. Let i(b) = -5*g(b) + 3*m(b). Let k be i(6). Let w = 1 + k. List the prime factors of w.
11
Suppose -11*a + 5*a + 12 = 0. Suppose -5*j = r + a*r, -j + r = -8. List the prime factors of j.
3
Let j = -23 + 9. Let k = j - -20. What are the prime factors of k?
2, 3
Let f be (-86)/(-2) - 6/(-3). Suppose 0*b - 5*b + 43 = 3*p, 3*p = 3*b - f. What are the prime factors of b?
11
What are the prime factors of (10/4)/((-6)/(-144))?
2, 3, 5
List the prime factors of (8 - -1 - -2) + 2.
13
Suppose 0 = -0*m + 5*m - 3*c + 29, -7 = -2*m - 5*c. Let p(b) = b**3 + 5*b**2 + 2*b - 1. What are the prime factors of p(m)?
7
Suppose 2*c + 690 = 7*c. List the prime factors of c.
2, 3, 23
Let p be 0 - -2*(2 - 4). Let t(u) = u**3 + 3*u**2 + 2. Let c be t(p). What are the prime factors of (-4)/c + (-868)/(-49)?
2, 3
Let k be (-6)/(-42) + (-342)/(-7). Suppose 0 = 3*a - 0*o - 2*o - k, -4*a = -5*o - 70. What are the prime factors of a?
3, 5
Suppose 5*d - 6 = 3*d. Let n be (-158)/(-12) + (-1)/6. Let k = n - d. What are the prime factors of k?
2, 5
Let j(l) = l + 1. Let k = 7 + -2. Let h(u) = 6*u + 12. Let t(b) = k*j(b) - h(b). What are the prime factors of t(-13)?
2, 3
Suppose b = 1 + 10. List the prime factors of b.
11
Let m be 0 + (3 + -4 - -3). Suppose 4*i - i - 21 = -2*d, m*d - 5*i + 19 = 0. Suppose 5 = 